What is o(-1)?
-121
Let x(d) = -6*d + 3. Determine x(12).
-69
Let m(o) = 2*o + 6. Give m(-7).
-8
Let n(j) = j - 26. Give n(-6).
-32
Let n(c) = -2*c**2 - 24*c + 120. Give n(-16).
-8
Let a(k) = -k**3 - k**2 - 2*k - 13. Determine a(0).
-13
Let j(h) = -32*h + 12. Determine j(3).
-84
Let x(v) = -v**2 + 15*v - 44. What is x(16)?
-60
Let x(w) = -w**3 - 4*w**2 - 4*w - 10. What is x(-4)?
6
Let i(n) = n**2 + 14*n + 21. What is i(-12)?
-3
Let t(f) = -f - 12. Calculate t(6).
-18
Let n(v) = v**3 - 7*v**2 - 2*v - 5. What is n(7)?
-19
Let r(y) = y + 20. What is r(-12)?
8
Let y(r) = r - 10. What is y(19)?
9
Let t(h) = -2*h**2 + h. Determine t(-2).
-10
Let n(z) = z**3 - 8*z**2 - 3*z + 14. Give n(8).
-10
Let z(j) = j**3 - 5*j**2 + 6*j. Calculate z(4).
8
Let a(b) = b**2 - 28*b - 42. Determine a(29).
-13
Let y(c) = -c + 10. Give y(-7).
17
Let d(s) = 3*s + 20. Give d(-8).
-4
Let s(i) = 5*i - 7. What is s(-7)?
-42
Let j(m) = 15*m + 9. Determine j(-3).
-36
Let y(r) = -r**3 + 8*r**2 - 13*r + 5. Determine y(6).
-1
Let i(y) = y**3 - 38*y**2 + 71*y + 62. Determine i(36).
26
Let o(s) = -7*s - 161. Give o(-23).
0
Let d(k) = k**2 + 4*k - 81. Give d(-10).
-21
Let k(m) = m**2 + 13*m + 44. Determine k(-5).
4
Let f(j) = -j**2 + 3*j + 4. Give f(0).
4
Let b(l) = -3*l - 110. Give b(-37).
1
Let b(p) = p**2 + 32*p + 14. Determine b(-31).
-17
Let a(y) = -43*y + 2. Give a(0).
2
Let y(z) = -z**3 - 7*z**2 - 16*z + 5. Determine y(-7).
117
Let m(c) = c**3 - 10*c**2 - 11*c - 1. Determine m(11).
-1
Let q(r) = 3*r + 7. Determine q(-2).
1
Let v(y) = -y**3 + 8*y**2 + y - 9. What is v(5)?
71
Let t(g) = -g**3 - 3*g**2 - 4. What is t(-3)?
-4
Let w(k) = -k**2 - 3*k - 20. Give w(0).
-20
Let q(s) = s**3 + 7*s**2 - s - 9. What is q(-7)?
-2
Let w(y) = -7*y**2 - 6*y - 5. Give w(-4).
-93
Let k(p) = 2*p**2 + 18*p - 28. What is k(-13)?
76
Let m(n) = 3*n - 7. Calculate m(18).
47
Let j(x) = -7*x**2 - 35*x + 8. Determine j(-6).
-34
Let y(w) = -20*w**2 - 4*w - 2. Determine y(-1).
-18
Let i(k) = -k**3 + 3*k**2 - k + 3. Give i(5).
-52
Let t(m) = -m**3 - 28*m**2 - 66*m - 1053. Calculate t(-27).
0
Let x(q) = 3*q + 19. Give x(-6).
1
Let u(x) = x**2 - 49*x + 265. Give u(43).
7
Let b(c) = -c**3 - 7*c**2 - 8*c - 2. Calculate b(-7).
54
Let l(y) = -3*y**3 + 21*y**2 - 14*y - 6. What is l(6)?
18
Let u(k) = -9*k - 51. Determine u(-6).
3
Let s(v) = v**2 - 6*v + 3. Determine s(7).
10
Let x(d) = -d**3 + 12*d**2 + 110*d + 10. What is x(-6)?
-2
Let s(a) = 52*a**3 - a + 1. Calculate s(1).
52
Let h(l) = -l**3 - 25*l**2 - 89*l - 110. Calculate h(-21).
-5
Let y(a) = -a**3 - 5*a**2 - 3*a + 4. What is y(-3)?
-5
Let d(c) = c**3 + 3*c**2 + 3*c + 24. Determine d(0).
24
Let i(f) = f**3 - f - 5. Give i(0).
-5
Let a(s) = -s**3 - s**2 + 5*s. Calculate a(4).
-60
Let r(h) = h + 22. Give r(-20).
2
Let h(o) = 30*o**3 - o**2 + o + 1. Determine h(-1).
-31
Let j(w) = -3*w + 8. Calculate j(7).
-13
Let v(c) = c**3 - 2*c**2 - 11*c + 7. Give v(4).
-5
Let u(m) = -m**2 - 6*m + 5. Determine u(-7).
-2
Let a(g) = 12*g**3 + 2*g**2 - 4*g - 7. Give a(-2).
-87
Let b(t) = -t**3 + 6*t**2 + 4. Calculate b(6).
4
Let u(h) = h**2 - 17*h + 45. Determine u(15).
15
Let n(a) = -21*a**2 + 5*a - 7. Give n(1).
-23
Let r(w) = w**3 + 4*w**2 + 7*w + 10. Give r(-3).
-2
Let d(w) = w**2 + 5*w + 17. Determine d(-5).
17
Let d(r) = -r**2 + 26*r + 6. Give d(26).
6
Let v(j) = -7*j - 95. Calculate v(-13).
-4
Let p(t) = -7*t**3 - t**2 - 16*t - 13. Calculate p(-1).
9
Let j(c) = c**3 + 14*c**2 - c - 21. What is j(-14)?
-7
Let u(c) = c + 3. What is u(-7)?
-4
Let r(m) = -2*m - 4. What is r(-1)?
-2
Let g(d) = -d**2 - 5*d + 5. Give g(-5).
5
Let j(t) = -t**3 - 9*t**2 + 16*t - 3. Give j(-10).
-63
Let q(v) = v**3 - v**2 - 2*v - 1. What is q(-2)?
-9
Let b(y) = -9*y + 199. Calculate b(23).
-8
Let y(j) = j**2 + 4*j - 3. Calculate y(-3).
-6
Let j(z) = 2*z + 12. What is j(-13)?
-14
Let h(x) = -3*x**2 - 6*x - 14. Give h(-6).
-86
Let w(v) = v**3 + 4*v**2 - 5*v + 4. Determine w(-5).
4
Let c(k) = k**3 - 13*k**2 - 16*k + 2. Calculate c(14).
-26
Let x(p) = p**3 - 4*p**2 - 7*p. What is x(5)?
-10
Let o(s) = 5*s**3 + s**2. Calculate o(1).
6
Let c(z) = z**3 + 5*z**2 + 4*z - 6. Calculate c(-3).
0
Let b(t) = 3*t**3. What is b(2)?
24
Let w(y) = y**3 + 6*y**2 - 3*y - 16. Give w(-6).
2
Let x(r) = -r**3 - 9*r**2 - 10*r - 25. Calculate x(-8).
-9
Let d(w) = w**2 - 15*w - 414. Give d(-14).
-8
Let t(v) = v**2 - 3*v - 2. Determine t(4).
2
Let j(a) = a**3 - 5*a**2 - 17*a. Calculate j(6).
-66
Let z(m) = -3*m - 41. Give z(-20).
19
Let y(o) = o**3 + 17*o**2 + 31*o + 14. What is y(-15)?
-1
Let s(n) = n**2 + 18*n + 60. Determine s(-12).
-12
Let o(x) = -x**3 - 5*x**2 + 6. What is o(-5)?
6
Let t(d) = d**2 + 4*d - 2. Calculate t(-4).
-2
Let b(k) = -k**2 + 10*k - 13. Calculate b(9).
-4
Let j(w) = -w**3 - 11*w**2 + 13*w + 12. Calculate j(-12).
0
Let i(m) = m**3 - 22*m**2 + 109*m - 65. Determine i(15).
-5
Let o(f) = -12*f - 3. Give o(-1).
9
Let n(o) = o**3 - 11*o**2 + 12*o - 9. Give n(11).
123
Let v(k) = k**3 - k - 5. Calculate v(0).
-5
Let i(b) = 17*b - 10. What is i(1)?
7
Let g(j) = -3*j + 89. Determine g(29).
2
Let r(g) = -g**2 - 12*g - 26. Calculate r(-11).
-15
Let f(n) = n**2 + 2*n - 9. What is f(-5)?
6
Let f(q) = q**3 - 22*q**2 + 115*q + 22. Determine f(13).
-4
Let l(x) = x**3 - 2*x**2 + 2*x - 3. Determine l(3).
12
Let v(a) = -a**3 + 4*a**2 + 3*a + 2. Give v(5).
-8
Let p(d) = d**3 + 30*d**2 + 3*d + 80. Determine p(-30).
-10
Let v(c) = -c**3 - 10*c**2 + 12*c + 8. Determine v(-11).
-3
Let g(q) = 5*q**2 + 28*q - 9. Give g(-6).
3
Let i(u) = -u**3 + 4*u**2 + 4*u + 5. Calculate i(5).
0
Let c(b) = 7*b - 11. Determine c(7).
38
Let h(r) = 7*r + 10. Calculate h(-13).
-81
Let o(s) = 5*s + 58. Give o(-13).
-7
Let q(z) = -z**3 + 16*z**2 - 6*z + 95. Give q(16).
-1
Let m(n) = 3*n**2 + 5*n + 6. Give m(-4).
34
Let k(w) = 2*w**3 + 36*w**2 - 39*w - 24. Give k(-19).
-5
Let o(z) = z**3 + 7*z**2 + z - 18. Determine o(-8).
-90
Let s(t) = 91*t - 3. Calculate s(-1).
-94
Let w(l) = 3*l**3 - 21*l**2 + 10*l - 9. Give w(6).
-57
Let r(k) = -k**3 + 2*k**2 - 2*k - 21. Determine r(-3).
30
Let c(p) = -8*p**2 - 9*p + 3. Determine c(-3).
-42
Let y(q) = q**3 + 7*q**2 + 9*q - 11. Calculate y(-5).
-6
Let z(s) = -32*s - 5. What is z(-3)?
91
Let f(d) = -d**2 + 23*d - 51. What is f(20)?
9
Let a(r) = -7*r**3 - 2*r**2 + 1. Give a(-1).
6
Let s(k) = -k**2 - 8*k - 8. What is s(-8)?
-8
Let r(t) = 2*t**3 - 22*t**2 - t - 2. Give r(11).
-13
Let c(x) = -x**3 + 17*x**2 + 15*x + 20. Give c(18).
-34
Let v(u) = -21*u**2 - 4*u - 16. What is v(-3)?
-193
Let p(x) = x**3 - 8*x**2 + 11*x + 3. What is p(6)?
-3
Let m(f) = -13*f - 2. What is m(-2)?
24
Let r(a) = -a**3 - 29*a**2 + 25*a - 86. Give r(-30).
64
Let d(q) = 15*q. Give d(1).
15
Let j(m) = -m - 41. Calculate j(-29).
-12
Let y(w) = -w**3 - 2*w**2 + w + 3. What is y(2)?
-11
Let t(q) = q**3 - 18*q**2 + q - 13. Calculate t(18).
5
Let y(p) = p**3 - 10*p**2 + 10*p - 11. Calculate y(9).
-2
Let i(k) = -8*k**2 - 6*k + 8. Calculate i(1).
-6
Let i(z) = -z + 1. Determine i(-1).
2
Let s(c) = c**3 + 26*c**2 + 26*c + 19. Determine s(-25).
-6
Let d(p) = p**3 - 9*p**2 - 3*p + 28. What is d(9)?
1
Let n(k) = -42*k - 4. What is n(-2)?
80
Let j(m) = -10*m - 217. Give j(-23).
13
Let d(f) = 12*f + 2. Determine d(-1).
-10
Let y(x) = -2*x**3 - 2*x**2 + 1. Calculate y(-2).
9
Let s(l) = l**3 - 8*l**2 - 9*l + 3. Calculate s(9).
3
Let n(m) = -m**2 - 248*m + 743. Give n(3).
-10
Let z(t) = -26*t + 12. Give z(2).
-40
Let j(r) = -8*r + 218. Give j(26).
10
Let k(z) = -z**2 + 33*z - 56. Calculate k(31).
6
Let m(r) = -30*r. Give m(3).
-90
Let q(t) = -3*t**3 + 3*t + 1. Give q(-2).
19
Let b(y) = -y**3 - 31*y**2 + 31*y - 21. Determine b(-32).
11
Let k(s) = s**3 - s - 1. Determine k(-2).
-7
Let a(o) = -o**2 + 3. What is a(-2)?
-1
Let y(p) = -p**2 - 13*p - 12. Calculate y(-8).
28
Let x(b) = -b**3 + 3*b**2 - 4*b + 4. Give x(2).
0
Let w(q) = -q**2 + 4*q - 3. Give w(4).
-3
Let y(h) = -h + 13. What is y(5)?
8
Let r(d) = -d**2 + 9*d + 18. Give r(8).
26
Let o(q) = 11*q + 4. What is o(-6)?
-62
Let f(r) = 27*r - 1. Give f(1).
26
Let p(v) = v**3 - 4*v**2 - 2*v + 3. Calculate p(3).
-12
Let r(j) = -j**3 - j**2 + 5*j - 7. Determine r(-3).
-4
Let z(x) = -2*x - 11. Give z(-5).
-1
Let u(s) = 5*s**2 + 34*s - 7. Calculate u(-7).
0
Let o(v) = v**3 + 8*v**2 - 6. Give o(-6).
66
Let z